477895. Calculate d(23).
-43
Let l(k) = -842*k + 366303. What is l(435)?
33
Let l(s) = 729*s - 10387. Determine l(15).
548
Let a(n) = -3707*n**2 + 1112*n - 1. Give a(1).
-2596
Let f(q) = -q**2 - 30650*q + 521331. What is f(17)?
-8
Let o(x) = 243*x**2 - 1411*x - 278. What is o(6)?
4
Let i(r) = 2411*r**2 + 26495*r + 28. Calculate i(-11).
314
Let j(b) = -36*b**2 + 728*b + 271. Determine j(21).
-317
Let l(x) = 73*x - 6225. Determine l(98).
929
Let n(f) = -f**3 + 3*f**2 - 26628*f + 106529. What is n(4)?
1
Let n(d) = -63259*d - 442844. Determine n(-7).
-31
Let k(g) = -2*g**3 + 853*g**2 - 4633*g + 641. Determine k(421).
-201
Let n(y) = -4345*y + 199871. What is n(46)?
1
Let r(j) = 978*j**2 - 840*j + 3. Give r(1).
141
Let s(d) = -14*d**2 + 2304*d + 16611. Determine s(-7).
-203
Let f(s) = 151*s**2 - 819*s + 33. What is f(5)?
-287
Let v(y) = 14*y**3 - 193*y**2 - 42*y + 38. What is v(14)?
38
Let x(y) = 21*y**3 - 179*y**2 - 46*y + 275. Determine x(8).
-797
Let y(r) = -r**3 - 14*r**2 - 109*r - 31. Determine y(-12).
989
Let y(d) = -39234*d + 3766477. Calculate y(96).
13
Let v(r) = 34*r**2 + 119*r - 1034. What is v(9)?
2791
Let d(j) = -669750*j - 6027791. Determine d(-9).
-41
Let h(p) = -4690*p - 9058. Determine h(-2).
322
Let y(z) = 43*z**3 + z**2 + 298*z - 299. Calculate y(1).
43
Let s(i) = i**2 + 10071*i - 282768. Determine s(28).
4
Let w(p) = -2*p**2 - 82*p + 1152. Determine w(11).
8
Let i(q) = 42165*q + 211151. Determine i(-5).
326
Let g(o) = 4820*o**3 - 57*o**2 + 64*o - 2. What is g(1)?
4825
Let g(o) = 1257*o - 5080. Give g(4).
-52
Let t(b) = -b**3 - 1002*b**2 - 553*b - 554108. Give t(-1002).
-2
Let a(x) = -95*x**2 + 2463*x - 93. What is a(26)?
-275
Let i(g) = 495*g**2 + 1054*g + 12. Give i(-4).
3716
Let i(s) = -101450*s - 811607. Calculate i(-8).
-7
Let o(m) = -3*m**2 - 269*m - 1880. Determine o(-83).
-220
Let t(j) = j**3 - 6*j**2 + 22*j + 30. Determine t(-5).
-355
Let a(y) = -6*y**3 + 1958*y**2 + 61827*y - 39. Give a(-29).
-10
Let b(a) = a**2 + 244*a + 5643. What is b(-24)?
363
Let t(p) = 3*p**2 - 2519*p + 14997. What is t(6)?
-9
Let m(f) = -4*f**3 - 116*f**2 + 3396*f + 98287. Calculate m(-30).
7
Let s(o) = -101*o + 374. Calculate s(-12).
1586
Let r(b) = b**2 + 7*b + 534. What is r(42)?
2592
Let c(y) = -2*y**3 - 48*y**2 + 374*y + 372. What is c(-30)?
-48
Let r(h) = 1096583*h + 1096593. Calculate r(-1).
10
Let z(y) = 112576*y + 450354. Give z(-4).
50
Let a(f) = -1415*f**2 - 2795*f - 16. Determine a(-2).
-86
Let w(a) = 6253*a - 575269. Give w(92).
7
Let o(s) = -s**3 - 17*s**2 + 458*s + 2108. What is o(-30)?
68
Let a(l) = 50*l**2 - 239*l - 39. Give a(7).
738
Let o(h) = h**3 + 72*h**2 - 281*h + 1728. Determine o(-76).
-20
Let r(b) = -32*b**2 + 75*b - 144. Determine r(4).
-356
Let t(i) = 2*i**3 + 1435*i**2 + 12034*i - 13495. Determine t(-709).
-24
Let t(b) = 490*b - 3925. Determine t(8).
-5
Let z(k) = 29819*k + 29895. Determine z(-1).
76
Let h(r) = 27*r**2 - 6*r + 41. Determine h(5).
686
Let b(y) = -26*y**3 - 3*y**2 + 2379*y + 2382. Determine b(-1).
26
Let g(u) = 14*u**2 + 3710*u - 3729. What is g(-266)?
-5
Let g(t) = -t**3 - 67*t**2 + 201*t + 13477. Calculate g(-67).
10
Let s(q) = 62*q**2 - 3164*q + 132. Determine s(51).
30
Let c(v) = v**3 - 28*v**2 - 7200*v + 30. What is c(100)?
30
Let p(a) = -382*a + 307. What is p(1)?
-75
Let t(g) = -466*g**2 + 340*g - 1001. Give t(3).
-4175
Let t(n) = -4344*n + 29217. What is t(7)?
-1191
Let t(j) = -j**3 - 49*j**2 - 50*j + 2817. Calculate t(-46).
-1231
Let y(o) = 851*o + 90997. What is y(-107)?
-60
Let z(b) = 1320*b + 10017. Determine z(-8).
-543
Let s(v) = v**2 + 2018*v - 329839. Determine s(152).
1
Let c(z) = -968*z - 36753. Calculate c(-38).
31
Let y(q) = 28*q**2 + 2727*q + 45525. What is y(-76)?
1
Let u(r) = -54*r**2 + 6383*r + 31951. Determine u(-5).
-1314
Let k(a) = 532*a - 506. Determine k(1).
26
Let a(h) = -h**3 + 253*h**2 + 1411*h - 31216. What is a(258)?
2
Let k(s) = s**3 - 73*s**2 - 12*s + 676. Determine k(3).
10
Let r(h) = -6949*h + 69488. What is r(10)?
-2
Let z(v) = 2*v**3 - 227*v**2 + 1180*v + 865. What is z(108)?
1
Let c(y) = -542789*y + 2171153. What is c(4)?
-3
Let n(y) = -236*y + 11288. What is n(48)?
-40
Let a(s) = -s**3 + 15911*s**2 + 558111*s - 72. Give a(-35).
-107
Let w(d) = d**2 + 422*d + 43332. Calculate w(-223).
-1045
Let v(w) = 42*w - 584. Calculate v(11).
-122
Let w(t) = 1266*t + 9917. Calculate w(-8).
-211
Let z(o) = 16207*o + 4797270. What is z(-296)?
-2
Let w(b) = -b**3 - 181*b**2 - 193*b - 856. Determine w(-180).
1484
Let l(u) = -5*u**3 + 93*u**2 - 377*u + 7880. What is l(19)?
-5
Let o(a) = -26826*a - 1314481. Calculate o(-49).
-7
Let j(v) = -29*v**2 - 544*v - 2372. What is j(-12)?
-20
Let p(z) = 9706*z - 3940646. Calculate p(406).
-10
Let c(v) = v**3 + 121*v**2 + 1288*v - 16962. What is c(-21)?
90
Let w(r) = 559*r - 107876. Give w(193).
11
Let q(g) = 6931*g - 110938. Calculate q(16).
-42
Let n(b) = 6*b**2 - 56*b - 31. What is n(9)?
-49
Let j(y) = 23*y + 946. What is j(-64)?
-526
Let n(f) = -f**3 - 69*f**2 - 66*f + 132. What is n(-68)?
-4
Let n(c) = -5*c**3 - 2*c**2 + 16*c + 118. Determine n(-6).
1030
Let x(m) = -3850*m + 257958. Give x(67).
8
Let y(v) = -v**3 - 50*v**2 + 461*v + 18. What is y(8)?
-6
Let c(m) = 58*m**2 + 3068*m - 333. What is c(-53)?
-15
Let q(w) = -94064*w - 752503. What is q(-8)?
9
Let a(z) = -z**3 - 1023*z**2 - 261155*z + 27983. Calculate a(-491).
-4
Let f(d) = -132*d + 5500. Give f(38).
484
Let q(c) = -c**3 + 218*c**2 + 1094*c + 440. What is q(223)?
-4243
Let z(q) = -44*q**2 - 395*q - 412. What is z(-8)?
-68
Let u(i) = i**3 - 58*i**2 - 18473*i + 1040757. What is u(56)?
-3
Let h(u) = u**2 + 193*u - 3433. Determine h(16).
-89
Let r(g) = -9512*g - 38025. Give r(-4).
23
Let j(u) = 1194*u - 296112. Give j(248).
0
Let o(u) = -29704*u - 178174. Determine o(-6).
50
Let c(w) = 3*w**3 + 61*w**2 + 78*w + 4143. Give c(-22).
7
Let u(q) = -2*q**2 - 520*q - 28874. Give u(-179).
124
Let x(z) = -428*z - 20619. Calculate x(-48).
-75
Let m(x) = -165*x**2 - 217*x - 671. Give m(-3).
-1505
Let x(t) = -4771*t - 4452. Calculate x(-1).
319
Let i(q) = 34*q**3 - 77*q**2 + 309*q - 592. Determine i(2).
-10
Let o(t) = -t**3 - 69*t**2 - 1183*t + 98. Give o(-37).
61
Let c(w) = -3446*w**2 - 10309*w + 14. Determine c(-3).
-73
Let g(o) = 132*o**2 - 11488*o + 362. Give g(87).
14
Let n(a) = a**3 + 143*a**2 + 3467*a - 473. What is n(-112)?
87
Let a(i) = 14*i**3 - 64*i**2 - 114*i + 16. What is a(6)?
52
Let g(u) = 5*u**3 + 182*u**2 - 749*u + 65. What is g(4)?
301
Let x(s) = 980*s**2 + 48*s + 19. What is x(-1)?
951
Let o(g) = 3314*g + 129. What is o(0)?
129
Let z(l) = 112*l - 12549. What is z(105)?
-789
Let k(z) = 97*z**2 + 246*z - 13. Calculate k(-3).
122
Let i(d) = 2*d**3 - 37*d**2 - 203*d - 224. Calculate i(-3).
-2
Let z(h) = -h**2 + 751*h - 59847. What is z(90)?
-357
Let x(i) = 9616*i + 1048127. Determine x(-109).
-17
Let y(q) = 205*q**2 + 59654*q - 290. Calculate y(-291).
1
Let h(u) = u**3 + 43*u**2 - 95*u - 4084. Give h(-43).
1
Let u(t) = 2*t**3 + 123*t**2 - 55*t + 488. Give u(-62).
54
Let d(v) = -2*v**3 - 140*v**2 - 2277*v - 52. Calculate d(-44).
-536
Let b(j) = j**3 - 60*j**2 + 437*j + 68. Give b(8).
236
Let n(x) = x**3 + 254*x**2 + 2631*x - 10186. What is n(-243)?
20
Let u(k) = 3013*k + 1307522. Give u(-434).
-120
Let g(w) = w**2 - 61*w + 1594. Calculate g(50).
1044
Let o(g) = 15*g**3 + 4*g**2 - 58*g + 52. What is o(1)?
13
Let n(z) = -91027*z - 545885. Give n(-6).
277
Let a(j) = -10558630*j - 21117267. Calculate a(-2).
-7
Let q(t) = 14239*t - 2691017. Determine q(189).
154
Let a(g) = 251*g**2 - 722*g - 17876. Determine a(10).
4
Let i(r) = -r**2 + 23753*r + 166306. Give i(-7).
-14
Let u(g) = g**3 + 11*g**2 + 96*g + 662. What is u(-7)?
186
Let q(f) = -3*f**3 + 145*f**2 - 36*f + 4875. Calculate q(49).
-1691
Let a(m) = -226*m - 5534. Determine a(-25).
116
Let p(t) = 60116*t - 241911. Calculate p(4).
-1447
Let a(t) = 8388*t + 8337. Give a(-1).
-51
Let s(b) = -167*b - 14740. Give s(-88).
-44
Let w(u) = u**2 + 736964*u - 4421805. What is w(6)?
15
Let q(n) = 3235*n + 6537. Determine q(-2).
67
Let w(x) = x**3 + 11*x**2 - 58*x + 141. Calculate w(0).
141
Let h(n) = 435563*n + 1742257. Calculate h(-4).
5
Let z(x) = -x**3 + 91*x**2 + 393*x - 1382. What is z(95)?
-147
Let z(q) = 6*q**2 - 3201*q + 64608. 